0/(-15) + -3 + 13. Determine w(d).
3
Let s(i) = 4*i**2 - 7*i + 15. Let x(t) = t**2 + 1. Let f(b) = -s(b) + 5*x(b). Suppose 0 = -26*p - 49 - 133. What is f(p)?
-10
Let w = -200 - -204. Let z(c) = -c**2 + 6*c - 4. Determine z(w).
4
Let l(u) = -u**2 + 4. Suppose -6*d = -d. Let q be 15/(-12)*4/10*-6. Let t = q + d. Determine l(t).
-5
Let f(j) be the first derivative of -j**3/3 - 7*j**2/2 + 22*j - 3. Let t be f(-9). Let y(w) = -w - 1 + 0*w + 2. What is y(t)?
-3
Let z(v) = 41*v + 8. Let l(j) = -232*j - 48. Let u(g) = 6*l(g) + 34*z(g). Give u(9).
2
Let i(z) = z - 4. Let v = 1 - 0. Let b be ((-54)/30)/(v*(-1)/5). Give i(b).
5
Let x(g) = g**3 + 6*g**2 + 5*g + 4. Suppose -17 - 73 = 18*n. What is x(n)?
4
Suppose 4*u - 5 - 7 = 0. Let s be ((-1)/4)/(-1*8/32). Let d(q) = q**2 - 11*q - 5. Let b(j) = j + 1. Let x(l) = s*d(l) + 6*b(l). What is x(u)?
-5
Let m(p) = 3*p**2 - 5025*p - 2 + 5025*p - 2*p**3. Suppose 0 = -4*g - 4*y + 28, -26 = -3*g - y - 3*y. Determine m(g).
-6
Let m(b) = 2*b**2 + b + 2. Let f(c) = -3*c**2 - c - 5. Let k(z) = f(z) + 2*m(z). Give k(-3).
5
Suppose -18*l - 30 = -12*l. Let q(h) = 2*h**3 + 1. Let d be q(1). Let j(i) = -4 - d - 4*i + 2*i**2 + 3*i**2 + i**3. Calculate j(l).
13
Let k(p) = p + 7. Let y(s) = -s**2 + 7*s - 14. Let r be y(10). Let m = -51 - r. Calculate k(m).
0
Let n be (-1)/(-2) + (-9)/6. Let w(s) = -7 - 1 + 4*s**3 + 9 + 2*s. What is w(n)?
-5
Let q(a) = -2*a**2 - 2. Let i(n) = 11*n**2 - 11*n + 7. Let b(r) = -i(r) - 6*q(r). Let u(o) = -o**2 - 8*o - 2. Let j be u(-9). What is b(j)?
5
Let b = -329 + 343. Let p(f) = -f + 7. Give p(b).
-7
Let g(i) = i**2 - 2*i + 3 + 2*i + 3*i. Suppose 4*w + b + 102 = -0*w, 0 = 2*w - 5*b + 62. Let o = w - -20. Determine g(o).
21
Let j(n) = n**3 + 5*n**2 + 4*n - 4. Let o = 77 - 78. Let m(l) = -l**2 + l - 1. Let i(b) = o*j(b) + m(b). What is i(-6)?
21
Let q(y) = 4*y - y**2 - 2 - 13*y + 3*y - 4*y. Determine q(-5).
23
Let m(s) = -2 - 1 + 6*s**3 + 2 - s. Let f(i) = -3*i - 43. Suppose -4*h + 3*r - 66 = -22, 0 = 3*h + 5*r + 62. Let p be f(h). What is m(p)?
-6
Let x = -22 - -14. Let r(v) = -v + 14. Let i(s) = 3*s - 68. Let f(u) = -i(u) - 4*r(u). Determine f(x).
4
Let n(l) = 4*l - 10. Let m(a) = -27*a + 50. Let b(f) = 9*f - 17. Let z(d) = 7*b(d) + 2*m(d). Let h(p) = -7*n(p) + 3*z(p). What is h(0)?
13
Suppose 3*o = -2*a + 8 + 10, a = -3*o + 18. Let c(i) be the second derivative of i**3/6 + i**2/2 + 158*i - 1. What is c(o)?
7
Let o(c) = -9*c - 24. Let h be o(-4). Suppose a - h = 4*a. Let m(z) = -z - 1. What is m(a)?
3
Let n = -11 + 29. Let h be (-5 + 4)/(3/n). Let r(u) = 7*u + 3. Let g(d) = 8*d + 2. Let y(c) = 5*g(c) - 6*r(c). Give y(h).
4
Let b(z) be the first derivative of z**3/3 + 6*z**2 + 16*z - 31. Let s be b(-11). Let u(p) = -3*p + 5. What is u(s)?
-10
Let t = 13 + -7. Let w(g) = 7 + 4*g - 1 - 1 + g**3 - t*g**2. Determine w(5).
0
Let v(y) = -6 + y - 15 - 2*y - 6 + 10. What is v(-17)?
0
Let b(p) = -9*p - 4. Let m be b(2). Let g be (-2)/2*-1*m/(-2). Let d(f) = -f**3 + 12*f**2 - 12*f + 6. Determine d(g).
-5
Let g(l) = l**2 + 15*l + 8. Let t(j) = -j**2 - 35*j - 137. Let v be t(-4). Give g(v).
-18
Let y(h) = -h**2 - 2*h - 13. Suppose -17*i = -14*i + 3*c + 24, 4*c + 20 = 0. Determine y(i).
-16
Let r(f) = 5*f - 19. Let g = -2848 - -2857. Calculate r(g).
26
Let r(p) = -3*p - 8. Suppose 0 = -3*l + 4*l. Suppose l = s - 2*s - 6. What is r(s)?
10
Suppose 6*w - 337 = 275. Let n = w - 109. Let t(u) = -u**3 - 6*u**2 + 5*u - 6. Calculate t(n).
8
Let q(m) = m**3 + 6*m**2 + m - 7. Let o = -56 - -50. Give q(o).
-13
Let n be (-6)/(-3)*(-2 + (-33)/(-6)). Let m(r) = r**2 - 6*r - 9. Calculate m(n).
-2
Let h be 10/4*(3 - 5). Let o(z) = z**3 + 5*z**2 + 4. Let q be o(h). Let v(r) = -7 - 5*r + 2 + q. Calculate v(-1).
4
Let m be (-84)/(-8)*(5/(-15) - -1). Let c(q) = q**2 - 8*q - 3. What is c(m)?
-10
Let l(c) = 12 + 6*c - 5*c + 1. Give l(0).
13
Let y(o) = -o**2 + 2*o + 1. Let k(t) = -3*t**2 + 5*t + 3. Let h(f) = -4*k(f) + 11*y(f). Let c(b) = b**2 + 5*b - 2. Let x be c(-5). Give h(x).
-1
Suppose m - 10 = a, 2*a = -m + 5*a + 16. Let q(n) be the third derivative of -n**6/120 + 7*n**5/60 + n**4/12 - 2*n**3/3 + 10*n**2 + 7. Determine q(m).
10
Let s(g) = 55*g - 53*g + 164 - 171. Calculate s(11).
15
Let m(u) = -7*u**3 + 5*u**2 + 15*u - 4. Let k(c) = -4*c**3 + 3*c**2 + 8*c - 2. Let p(x) = -11*k(x) + 6*m(x). Give p(3).
31
Let z = 20 - 14. Let x(n) = -13 - 1 - 7 + 38 - n - 9. Give x(z).
2
Let k(q) = 8*q**3 - 2*q**2 - 2*q**3 - 5*q**3 + 1. Give k(3).
10
Let a = 11 - 15. Let h = -12 + 15. Let z(u) = 4 + 2*u + h*u - 3*u + 0*u. What is z(a)?
-4
Suppose 4 - 8 = -4*o. Suppose 5*k - 28 = 4*n, 0 = n + o - 4. Suppose -2*u + 0*u - k = 0. Let d(q) = -q - 4. Calculate d(u).
0
Suppose -65 = 3569*z - 3564*z. Let u(w) = -w**2 - 13*w + 14. Determine u(z).
14
Let q(s) = 155*s**2 - 49*s**2 - 4 - 55*s**2 - s**3 - 49*s**2. What is q(3)?
-13
Suppose 10 = -l + 37. Let z = l - 21. Let q(c) = -c + 6. Determine q(z).
0
Let f = 649 + -645. Let j(l) = -l**3 + 3*l**2 + 3*l - 1. Determine j(f).
-5
Let x(l) = l**2 - 4*l + 1. Let o(p) be the second derivative of -p**5/20 - p**4/3 - p**3/3 + 3*p**2 + 4*p. Let q be o(-3). Give x(q).
-2
Let j(c) = 76 + c**2 - 15*c - 180 + 75 + 56. Give j(11).
-17
Suppose 63*s - 71*s = 32. Let g(y) = -3*y - 6. Calculate g(s).
6
Let m(u) = -u**3 - u - 1. Let l(g) = -g**2 - 1. Suppose 3*c - 4*c = 2*i - 1, -4*c + 15 = -3*i. Let k(a) = i*m(a) + 3*l(a). What is k(4)?
18
Let v(s) = 6*s**3 - 2*s**2 - s + 1. Let j(c) = -c**3 + 3*c**2 + 4*c - 1. Let f be j(4). Let r be v(f). Let d(z) = 0*z + 0*z**2 + 6 - z**2 - 5*z. Give d(r).
0
Let s(w) = w**3 - 16*w**2 - 18*w + 8. Suppose 115*t - 117*t + 34 = 0. Give s(t).
-9
Let j(u) = u**2 + 12*u + 12. Suppose 27 = -3*z - 2*o, 0 = z - 5*o - 4 + 30. Give j(z).
1
Let c(q) = q**2 + 5*q + 21. Let k(i) = -i + 1. Let a(w) = -c(w) - 5*k(w). Determine a(0).
-26
Let u(n) be the third derivative of n**4/12 - n**2. Suppose 29 = 4*q - 3*o - 16, 0 = o - 1. Let a be (-1)/2 + 42/q. Calculate u(a).
6
Let h = -1857 + 5572/3. Let a(b) be the first derivative of -13 - 7/2*b**2 - h*b**3 + 3*b. What is a(-6)?
9
Suppose -1610*n = -1617*n - 63. Let o(l) = -l**2 - l + 7. Let b be o(0). Let g(m) = m + b + 1 + 7. Determine g(n).
6
Let i(m) = -7*m**2 - 10*m - 2. Let h(r) = -r**2 - r - 1. Suppose 2*j = -2*n + 7*n + 2, -4*n - 4 = -2*j. Let y(t) = j*h(t) - i(t). Calculate y(-4).
-4
Let y(b) = -b**3 - 4*b**2 - 4*b - 3. Suppose -h - 2*i + 1 = 0, 2*h - i + 2 = -3*i. Determine y(h).
0
Let l(h) = -h**3 - 9*h**2 - 10*h - 12. Let y(m) = m**3 - 10*m**2 + 18*m + 8. Let c be y(8). Suppose 3*g = 5*o + 40, 3*g = 3*o - 2*g + c. Give l(o).
4
Let p(x) = -2*x**3 - 35*x**2 - 7*x + 16. Let j(k) = -k**3 - 17*k**2 - 4*k + 8. Let b(a) = -13*j(a) + 6*p(a). Calculate b(-10).
-8
Let a = 600 - 604. Let t(i) = i - 4 + 5 + 4 - 3. Give t(a).
-2
Let l(v) = v - 1. Suppose 18 = -3*k - r - 2*r, -4*r - 17 = -3*k. Let n be -2*(-8)/(1 - k). Let w(o) = -o**3 + 8*o**2 - o + 9. Let q be w(n). What is l(q)?
0
Suppose 4*k = -3*n - 40, -5*n + k + 31 - 67 = 0. Let t(l) = -3*l**2 - 11*l - 4. Let b(y) = -16*y**2 - 56*y - 21. Let x(p) = 2*b(p) - 11*t(p). Give x(n).
-6
Let y(r) = -r**3 + 3*r**2 - 2*r - 2. Suppose s = 5*t + 7, -3*t + 9 = 2*s - 8*t. Suppose 3*c + s = 4*c. Give y(c).
-2
Let s = -10761 - -10767. Let r(j) = -3*j + 1 + 2*j + 0*j. Calculate r(s).
-5
Let y = 1583/3 + -527. Let c(v) be the first derivative of 0*v**2 + 0*v + 5 - y*v**3. Calculate c(-1).
-2
Let b(n) = -n**3 - 4*n**2 - 3*n - 1. Suppose 26*z - 27*z + 2 = 0. Suppose -5*i - 3*l - 6 = 0, 0 = -z*i - 0*l - 3*l + 3. Give b(i).
-1
Let n be 4 - -3 - 2/2. Let c(u) = u + 6. Let s be c(-4). Let h(p) = -p**2 - 5*p**s - 4 + 6*p + 5*p**2. Calculate h(n).
-4
Let o(w) = -5*w - 5 + 14 - 10. Let x = -38 + 39. Give o(x).
-6
Let j(n) = 8*n - 232. Let x be j(29). Let m(a) be the first derivative of a**3/3 + a**2/2 + 6*a - 1. What is m(x)?
6
Let m(a) be the first derivative of 2*a**2 - 3*a - 127. Let d = 8 - 5. What is m(d)?
9
Let l(a) = a + 1. Let o(f) = f + 2. Let r(h) = 13*l(h) - 6*o(h). Let i(u) = -u - 2. Let d be i(0). Let n = d - -3. Give r(n).
8
Let o(x) be the first derivative of x**2 - x - 119. Let f be (3 - 2)/((-3)/3). Determine o(f).
-3
Let y(w) = -w**3 - 6*w**2 + 5*w - 3. Let k(r) = -r - 3. Let v be k(4). What is y(v)?
11
Sup